 2*i**2 + 187*i + 3971. Give a(-61).
6
Let d(f) = -f**2 + 281577*f - 1126292. Give d(4).
0
Let r(x) = 4*x**2 - 293*x + 4953. What is r(48)?
105
Let c(h) = 2*h**2 - 395*h - 2947. Give c(-7).
-84
Let x(v) = v**3 - 38*v**2 + 196*v + 1324. Give x(30).
4
Let h(u) = -85*u**2 - 55*u - 52. Give h(-1).
-82
Let b(h) = 28687*h + 144078. Determine b(-5).
643
Let l(f) = -f**2 + 2054*f - 206030. What is l(106)?
458
Let o(s) = -2432*s - 1663501. Give o(-684).
-13
Let t(k) = -111384*k + 6237539. Determine t(56).
35
Let l(a) = a**3 + 36*a**2 + 88*a + 67. Determine l(-31).
2144
Let m(j) = -j**3 - 71*j**2 - 303*j + 1791. Give m(-66).
9
Let h(p) = p**2 + 177*p - 2393. Give h(-191).
281
Let h(n) = -3*n**3 + 116*n**2 - 316*n + 1004. Calculate h(36).
-4
Let x(w) = -101*w - 9427. Calculate x(-132).
3905
Let t(b) = -15329*b - 137952. What is t(-9)?
9
Let t(l) = 639*l - 3950. Calculate t(8).
1162
Let n(o) = -o**3 - 17*o**2 - 152*o - 1321. What is n(-15)?
509
Let s(v) = 11758*v - 2622038. What is s(223)?
-4
Let l(t) = 38*t - 18. Give l(3).
96
Let l(k) = -295416*k - 590850. What is l(-2)?
-18
Let q(u) = 16*u**3 - 256*u**2 - 130*u + 2081. Calculate q(16).
1
Let n(z) = -z**2 + 8*z + 882. Give n(-26).
-2
Let p(y) = y**3 - 567*y**2 + 2898*y - 306. Determine p(5).
134
Let i(c) = 19*c**2 + 300*c - 39. What is i(-18)?
717
Let m(j) = -7*j**3 - 5459*j**2 + 779*j - 794. Calculate m(-780).
-14
Let q(i) = i**3 - 112*i**2 - 380*i + 3195. Calculate q(4).
-53
Let w(g) = g**3 - 7*g**2 + 1801*g - 22359. Determine w(12).
-27
Let c(w) = -9787*w + 235285. Give c(24).
397
Let p(y) = y**3 + 406*y**2 + 14258*y + 6150189. Give p(-408).
-3
Let t(g) = -g**3 + 55*g**2 + 155*g + 612. Give t(58).
-490
Let i(r) = r**2 + 24836*r - 298178. Calculate i(12).
-2
Let g(d) = 2828*d - 104673. Determine g(37).
-37
Let k(f) = -9*f**2 - 21445*f + 64420. Calculate k(3).
4
Let n(o) = 75*o**3 - 1953*o**2 + 91*o - 312. Determine n(26).
26
Let u(p) = p**3 + 170*p**2 - 308*p + 5392. Give u(-172).
-800
Let j(k) = 3885*k + 190365. What is j(-49)?
0
Let i(v) = 2*v**3 + 149*v**2 + 909*v + 1445. Calculate i(-3).
5
Let r(w) = -2*w**3 - 3*w**2 - 29*w - 218. Calculate r(-7).
524
Let h(q) = -29476*q + 560288. What is h(19)?
244
Let x(u) = -1969*u**2 + 43323*u - 104. Determine x(22).
6
Let c(m) = -m**2 + 1270*m + 522225. Calculate c(-327).
6
Let t(u) = -21671*u + 1235241. Determine t(57).
-6
Let j(w) = w**3 + 85*w**2 + 457*w - 1147. Determine j(-79).
196
Let n(i) = 7*i**2 - 2141*i - 8602. Calculate n(-4).
74
Let u(m) = 11311*m - 13. Give u(0).
-13
Let i(w) = 380*w - 9569. What is i(28)?
1071
Let y(x) = -53*x**2 + 18357*x - 6575. What is y(346)?
-1
Let d(h) = -4*h**3 - 5*h**2 - 34*h - 186. Give d(-4).
126
Let r(p) = p**3 - 117*p**2 - 110*p - 1463. What is r(118)?
-519
Let a(g) = -3*g**3 + 110*g**2 + 563*g + 284. Give a(-4).
-16
Let b(y) = 4*y**3 - 356*y**2 + 11*y - 686. Calculate b(89).
293
Let g(r) = -8483*r - 59325. Determine g(-7).
56
Let g(w) = w**3 + 1077*w**2 + 11726*w + 33. Give g(-11).
33
Let r(a) = 5998*a + 17987. Calculate r(-3).
-7
Let q(u) = 3845*u - 65321. Calculate q(17).
44
Let c(h) = 61*h**3 - 183*h**2 + 2*h + 27. Determine c(3).
33
Let s(l) = -3*l**3 + 8*l**2 + 408*l + 1202. Give s(-3).
131
Let a(r) = 61*r**2 - 14206*r - 1683. Give a(233).
-52
Let n(r) = 5*r**2 - 1273*r + 76595. Calculate n(157).
-21
Let q(g) = -2*g**3 - 18*g**2 + 443*g + 2131. Calculate q(-18).
-11
Let p(l) = l**3 - 247*l**2 - 1089*l + 4811. Calculate p(-7).
-12
Let j(f) = 319*f**3 + 10*f + 12. Calculate j(-1).
-317
Let y(z) = -1328*z + 1901. Determine y(2).
-755
Let y(p) = 1054*p - 2276. Calculate y(3).
886
Let h(v) = 11*v**2 - 9*v + 64. Give h(-7).
666
Let v(h) = -197*h - 5885. Determine v(-15).
-2930
Let v(j) = -4*j**2 - 479*j - 854. What is v(-118)?
-28
Let b(q) = q**3 + 608*q**2 + 23264*q + 665. What is b(-41)?
-32
Let q(k) = -568*k - 45746. Calculate q(-80).
-306
Let r(c) = 4*c**2 - 985*c - 747. Determine r(247).
-6
Let d(m) = -98534*m - 985338. Calculate d(-10).
2
Let q(w) = w**3 - 320*w**2 + 4282*w - 130. What is q(306)?
-742
Let o(f) = 3122*f - 71679. Give o(23).
127
Let y(i) = 9*i**2 - 397*i + 328. What is y(42)?
-470
Let y(h) = -2*h**3 + 1033*h**2 - 1511*h - 17515. Determine y(515).
-5
Let f(s) = 2*s**3 + 32*s**2 - 770*s - 12524. Determine f(-19).
-60
Let q(w) = 12*w**3 - 1094*w**2 + 223*w - 1416. What is q(91)?
2315
Let g(b) = 3*b**2 + 71*b - 342. What is g(4)?
-10
Let m(p) = 84*p + 6623. What is m(-85)?
-517
Let f(z) = 1487*z**2 - 16357*z - 4. Give f(11).
-4
Let l(k) = -k**2 + 284*k - 12649. Calculate l(63).
1274
Let h(t) = -2178*t + 125573. What is h(58)?
-751
Let i(y) = 7*y**3 - 268*y**2 + 336*y - 6. Give i(37).
105
Let x(i) = 3*i**3 + 17*i**2 - 7*i - 96. Calculate x(5).
669
Let u(y) = 61*y + 2227. Calculate u(-51).
-884
Let b(j) = -106*j + 8860. What is b(83)?
62
Let m(k) = 1485*k - 102465. Calculate m(69).
0
Let k(a) = 203*a**2 + 561*a - 5. Determine k(0).
-5
Let g(t) = -2*t**2 + 16614*t - 116154. Calculate g(7).
46
Let x(d) = -8078*d**2 + 8306*d - 2. What is x(1)?
226
Let c(k) = -4299*k - 31330. What is c(-8)?
3062
Let a(o) = 46*o**2 - 6*o + 105. What is a(6)?
1725
Let l(s) = 150003*s - 299927. What is l(2)?
79
Let n(s) = 28456*s - 142701. Give n(5).
-421
Let a(v) = -478*v - 88926. Calculate a(-186).
-18
Let j(t) = -2*t**2 + 377*t + 7787. Calculate j(-19).
-98
Let w(n) = -n**3 - 66*n**2 - 181*n + 487. Calculate w(-63).
-17
Let l(h) = -2*h**3 - 148*h**2 + 2370*h + 183641. Determine l(-73).
-27
Let g(x) = 348*x**2 + 730*x - 27. Determine g(-2).
-95
Let n(y) = 3454*y**2 - 17660*y + 12. Calculate n(5).
-1938
Let a(m) = 25*m**3 + 5*m**2 + 180*m + 517. Calculate a(-3).
-653
Let d(r) = -439*r + 12915. Determine d(25).
1940
Let v(x) = 3*x**2 + 417*x - 319. Determine v(-141).
527
Let q(f) = 6333*f - 430613. Calculate q(68).
31
Let c(h) = -h**2 + 12*h + 223. Determine c(29).
-270
Let z(n) = n**2 + 26*n - 13847. What is z(105)?
-92
Let x(n) = 38*n**3 - 20*n**2 + 94*n + 3. Give x(3).
1131
Let l(m) = -321*m**2 + 2552*m + 129. Give l(8).
1
Let v(m) = 15*m + 44. What is v(-6)?
-46
Let m(s) = 2316*s - 148222. Determine m(64).
2
Let d(i) = -i**2 - 105*i - 1837. Calculate d(-81).
107
Let l(v) = v**3 + v**2 - 183*v - 166. Give l(-13).
185
Let l(p) = -p**2 - 41*p - 441. Determine l(-29).
-93
Let h(a) = -5293*a + 1905496. What is h(360)?
16
Let g(k) = k**3 + 62*k**2 - 127*k + 115. Determine g(-64).
51
Let q(t) = -3*t**3 + 85*t**2 - 139*t + 5719. Give q(29).
6
Let x(k) = 43*k + 853. Calculate x(-20).
-7
Let v(f) = 6*f**2 + 3028*f + 69151. Give v(-24).
-65
Let c(k) = 5*k**3 - 376*k**2 + 1127*k - 35. Determine c(3).
97
Let d(t) = 66*t**2 + 1574*t - 228. What is d(-24)?
12
Let u(s) = 4235*s + 2. Determine u(0).
2
Let v(u) = u**3 + 42*u**2 - 286*u + 455. Determine v(3).
2
Let c(j) = -9*j**3 - 5610*j**2 - 1848*j + 13091. Give c(-623).
8
Let u(f) = -f**3 + 578*f**2 + 63966*f + 2940. Give u(-95).
-5
Let y(g) = 28628*g - 32922194. Calculate y(1150).
6
Let u(t) = -2*t**3 + 37*t**2 + 8*t + 457. Determine u(19).
248
Let q(o) = -170*o**3 - 7*o**2 - 62*o + 70. Calculate q(1).
-169
Let v(w) = -1837*w + 12565. Determine v(7).
-294
Let z(a) = -4*a + 63. Calculate z(-1).
67
Let r(g) = g**3 - 99*g**2 + 557*g - 43. What is r(7)?
-652
Let a(t) = -3815*t - 26601. What is a(-8)?
3919
Let x(s) = -58*s**2 + 1861*s - 14392. Calculate x(13).
-1
Let a(i) = -70*i**2 - 4531*i + 5923. Give a(-66).
49
Let o(m) = -91*m + 3507. Give o(34).
413
Let k(v) = -76*v - 10074. Calculate k(-127).
-422
Let b(k) = k**3 + 343*k**2 + 4917*k - 969. Calculate b(-328).
15
Let m(i) = -29*i + 7332. What is m(161)?
2663
Let z(o) = -11880*o + 20849403. Calculate z(1755).
3
Let o(v) = -64*v**2 - 199*v + 2. Determine o(-4).
-226
Let y(i) = i**2 + 3824*i - 172796. What is y(45)?
1309
Let l(p) = -p**2 - 2192*p + 557061. Give l(230).
1
Let c(d) = 2*d**3 - 4333*d**2 + 87981*d + 10722. Determine c(2146).
-8
Let u(i) = 3*i**3 - 95*i**2 - 419*i + 26. Calculate u(-5).
-629
Let a(h) = 1407*h + 25250. Determine a(-18).
-76
Let y(w) = 91*w - 16631. Determine y(183).
22
Let d(a) = 4*a**2 - 72*a + 173. Determine d(16).
45
Let g(b) = -30009*b + 540176. Calculate g(18).
14
Let b(y) = -y**3 + 15*y**2 - 87*y + 2848. Calculate b(19).
-249
Let x(q) = -2072459*q - 8289813. Give x(-4).
23
Let f(l) = 2*l**3 + 43*l**2 